hen 2638 is divided by 528.
526
Calculate the remainder when 746 is divided by 302.
142
What is the remainder when 86045 is divided by 133?
127
What is the remainder when 55329 is divided by 27662?
5
Calculate the remainder when 9693 is divided by 1206.
45
What is the remainder when 764 is divided by 682?
82
Calculate the remainder when 426 is divided by 197.
32
Calculate the remainder when 1665 is divided by 1635.
30
Calculate the remainder when 69995 is divided by 86.
77
Calculate the remainder when 211272 is divided by 70419.
15
Calculate the remainder when 5982 is divided by 5.
2
What is the remainder when 3528 is divided by 395?
368
Calculate the remainder when 1570 is divided by 267.
235
Calculate the remainder when 5732 is divided by 4458.
1274
Calculate the remainder when 46484 is divided by 46472.
12
Calculate the remainder when 79190 is divided by 2729.
49
Calculate the remainder when 31447 is divided by 93.
13
Calculate the remainder when 2694 is divided by 1044.
606
What is the remainder when 28346 is divided by 135?
131
What is the remainder when 89341 is divided by 8?
5
Calculate the remainder when 117181 is divided by 105.
1
What is the remainder when 2108 is divided by 420?
8
What is the remainder when 910 is divided by 74?
22
What is the remainder when 322545 is divided by 40311?
57
What is the remainder when 1647463 is divided by 62?
61
What is the remainder when 151188 is divided by 75581?
26
Calculate the remainder when 8389 is divided by 1522.
779
Calculate the remainder when 66456 is divided by 22148.
12
What is the remainder when 4664797 is divided by 2800?
2797
Calculate the remainder when 3026 is divided by 2661.
365
Calculate the remainder when 5254 is divided by 1748.
10
Calculate the remainder when 1123 is divided by 8.
3
Calculate the remainder when 16624 is divided by 16616.
8
What is the remainder when 3061859 is divided by 10?
9
Calculate the remainder when 892 is divided by 256.
124
Calculate the remainder when 13959 is divided by 25.
9
Calculate the remainder when 1049 is divided by 441.
167
Calculate the remainder when 9052 is divided by 142.
106
What is the remainder when 690 is divided by 443?
247
What is the remainder when 30335 is divided by 42?
11
What is the remainder when 39631 is divided by 58?
17
What is the remainder when 19375 is divided by 778?
703
Calculate the remainder when 52338 is divided by 242.
66
What is the remainder when 181895 is divided by 1166?
1165
What is the remainder when 28951 is divided by 2411?
19
Calculate the remainder when 3427 is divided by 33.
28
Calculate the remainder when 522 is divided by 139.
105
Calculate the remainder when 85629 is divided by 42792.
45
What is the remainder when 5112 is divided by 1261?
68
What is the remainder when 22717 is divided by 142?
139
Calculate the remainder when 97977 is divided by 3499.
5
What is the remainder when 105671 is divided by 105578?
93
What is the remainder when 1442 is divided by 71?
22
Calculate the remainder when 614 is divided by 597.
17
Calculate the remainder when 57679 is divided by 14413.
27
Calculate the remainder when 2400 is divided by 221.
190
What is the remainder when 23352 is divided by 134?
36
What is the remainder when 7097 is divided by 131?
23
Calculate the remainder when 2293 is divided by 91.
18
Calculate the remainder when 105594 is divided by 74.
70
Calculate the remainder when 4179 is divided by 120.
99
What is the remainder when 30768 is divided by 1062?
1032
What is the remainder when 4065 is divided by 197?
125
What is the remainder when 7529 is divided by 2507?
8
What is the remainder when 15819 is divided by 29?
14
Calculate the remainder when 143397 is divided by 162.
27
Calculate the remainder when 33827 is divided by 8.
3
What is the remainder when 2017 is divided by 135?
127
What is the remainder when 2389 is divided by 353?
271
What is the remainder when 5836 is divided by 27?
4
Calculate the remainder when 5572 is divided by 420.
112
Calculate the remainder when 1211339 is divided by 11.
8
Calculate the remainder when 223732 is divided by 98.
96
Calculate the remainder when 268127 is divided by 76.
75
Calculate the remainder when 29528 is divided by 321.
317
What is the remainder when 2664 is divided by 396?
288
Calculate the remainder when 86090 is divided by 161.
116
Calculate the remainder when 4247 is divided by 223.
10
What is the remainder when 1555041 is divided by 47?
46
What is the remainder when 895 is divided by 471?
424
What is the remainder when 86238 is divided by 7?
5
What is the remainder when 191252 is divided by 502?
492
What is the remainder when 54128 is divided by 39?
35
What is the remainder when 50842 is divided by 38?
36
What is the remainder when 25072 is divided by 1825?
1347
Calculate the remainder when 1605 is divided by 11.
10
What is the remainder when 55376 is divided by 19?
10
What is the remainder when 16053 is divided by 201?
174
What is the remainder when 6771 is divided by 407?
259
Calculate the remainder when 1992 is divided by 878.
236
What is the remainder when 1237 is divided by 49?
12
Calculate the remainder when 156857 is divided by 4239.
14
What is the remainder when 42243 is divided by 35?
33
Calculate the remainder when 699 is divided by 344.
11
What is the remainder when 81297 is divided by 161?
153
What is the remainder when 21869 is divided by 1285?
24
Calculate the remainder when 13338 is divided by 199.
5
Calculate the remainder when 17341 is divided by 4331.
17
Calculate the remainder when 13309 is divided by 20.
9
Calculate the remainder when 223389 is divided by 12.
9
Calculate the remainder when 95056 is divided by 228.
208
Calculate the remainder when 1528 is divided by 323.
236
Calculate the remainder when 765222 is divided by 97.
86
Calculate the remainder when 50739 is divided by 10.
9
What is the remainder when 3365 is divided by 1061?
182
Calculate the remainder when 165686 is divided by 149.
147
What is the remainder when 3691071 is divided by 36?
27
What is the remainder when 22536 is divided by 1?
0
Calculate the remainder when 20073 is divided by 3345.
3
What is the remainder when 3031 is divided by 1424?
183
What is the remainder when 806595 is divided by 501?
486
Calculate the remainder when 22172 is divided by 277.
12
What is the remainder when 957120 is divided by 247?
242
Calculate the remainder when 93515 is divided by 17.
15
What is the remainder when 1372491 is divided by 94?
91
What is the remainder when 319338 is divided by 35?
33
Calculate the remainder when 11838 is divided by 242.
222
Calculate the remainder when 197042 is divided by 89.
85
Calculate the remainder when 429323 is divided by 143101.
20
Calculate the remainder when 6286 is divided by 1251.
31
Calculate the remainder when 149 is divided by 20.
9
Calculate the remainder when 5457 is divided by 1369.
1350
Calculate the remainder when 521891 is divided by 23.
21
Calculate the remainder when 13780 is divided by 165.
85
What is the remainder when 1812 is divided by 101?
95
What is the remainder when 2799 is divided by 60?
39
Calculate the remainder when 2779 is divided by 1221.
337
What is the remainder when 5727 is divided by 54?
3
What is the remainder when 2603 is divided by 113?
4
What is the remainder when 49304 is divided by 166?
2
What is the remainder when 4815 is divided by 166?
1
Calculate the remainder when 85697 is divided by 7788.
29
What is the remainder when 5286 is divided by 1025?
161
What is the remainder when 253867 is divided by 328?
323
Calculate the remainder when 96935 is divided by 151.
144
What is the remainder when 32947 is divided by 188?
47
What is the remainder when 13697 is divided by 1622?
721
What is the remainder when 117392 is divided by 195?
2
What is the remainder when 316 is divided by 41?
29
What is the remainder when 86239 is divided by 516?
67
Calculate the remainder when 7263 is divided by 128.
95
Calculate the remainder when 866 is divided by 165.
41
What is the remainder when 147800 is divided by 1164?
1136
Calculate the remainder when 4177 is divided by 385.
327
Calculate the remainder when 12285 is divided by 332.
1
What is the remainder when 81 is divided by 14?
11
Calculate the remainder when 90253 is divide